{"id":1073,"date":"2021-07-05T08:47:15","date_gmt":"2021-07-05T07:47:15","guid":{"rendered":"http:\/\/jimenatuluz.com\/?page_id=1073"},"modified":"2021-07-05T08:47:15","modified_gmt":"2021-07-05T07:47:15","slug":"lopd","status":"publish","type":"page","link":"https:\/\/jimenatuluz.com\/index.php\/lopd\/","title":{"rendered":"Pol\u00edtica de Privacidad"},"content":{"rendered":"\n<p><strong>POL\u00cdTICA DE PROTECCI\u00d3N DE DATOS PERSONALES<\/strong><br><\/p>\n\n\n\n<p>El 25 de mayo de 2018 ser\u00e1 de aplicaci\u00f3n directa el Reglamento General de Protecci\u00f3n de Datos (RGPD o el Reglamento), que sustituir\u00e1 a la actual normativa vigente de protecci\u00f3n de datos, y desde JIMENATULUZ queremos facilitarte toda la informaci\u00f3n al respecto de la manera m\u00e1s clara posible.<br>Si tiene alguna duda sobre tus datos o sobre nuestra Pol\u00edtica de Privacidad puedes ponerte en contacto con nosotros a trav\u00e9s de contacto@jimenatuluz.com<br>La privacidad y seguridad es muy importante para nosotros; mantener su total confianza es nuestro objetivo principal.<br><\/p>\n\n\n\n<p><strong>INFORMACI\u00d3N DETALLADA SOBRE PROTECCI\u00d3N DE DATOS PERSONALES<\/strong><br><\/p>\n\n\n\n<p><strong>\u00bfQui\u00e9n es el responsable del tratamiento de tus datos personales?<\/strong><br>Ser\u00e1 responsable de tus datos JIMENATULUZ.<\/p>\n\n\n\n<p><strong>\u00bfC\u00f3mo puedes contactar con el responsable del tratamiento?<\/strong><br>Utilizando cualquiera de estos medios:<br>Email: contacto@jimenatuluz.com<br>Tel\u00e9fono: 658 68 86 19<\/p>\n\n\n\n<p><strong>\u00bfPara qu\u00e9 utilizamos tus datos personales?<\/strong><br>En JIMENATULUZ trataremos tus datos personales para realizar de la mejor manera la gesti\u00f3n que nos has encomendado y, a trav\u00e9s de esta web, que es la solicitud de informaci\u00f3n.<br>De igual manera, tras la entrada en vigor del nuevo Reglamento, JIMENATULUZ continuar\u00e1 tratando los datos como ven\u00eda haci\u00e9ndolo hasta ahora, con el m\u00e1ximo respeto a la confidencialidad y seguridad de la informaci\u00f3n y, por supuesto, que est\u00e9n justificadas con base a otra legitimaci\u00f3n prevista en el Reglamento.<\/p>\n\n\n\n<p><strong>\u00bfPor qu\u00e9 motivo utilizamos tus datos personales?<\/strong><br>Para la mejor ejecuci\u00f3n de la acci\u00f3n que has solicitado a trav\u00e9s de la p\u00e1gina web www.jimenatuluz.com<br>Para permitir a JIMENATULUZ cumplir con sus obligaciones legales y entre ellas, la normativa en materia de protecci\u00f3n de datos de car\u00e1cter personal vigente.<\/p>\n\n\n\n<p><strong>\u00bfDurante cu\u00e1nto tiempo se conservar\u00e1n tus datos personales?<\/strong><br>Los datos personales facilitados ser\u00e1n conservados por JIMENATULUZ mientras no se solicite la supresi\u00f3n de los mismos por parte del interesado, salvo en los servicios en los que expresamente se indique un plazo diferente.<br>Como norma general, los datos recabados se conservar\u00e1n durante, al menos 5 a\u00f1os, contados desde la fecha de solicitud en la web. En cualquier caso, siempre se conservar\u00e1n durante el periodo que resulte necesario para la formulaci\u00f3n, el ejercicio o la defensa de potenciales<br>reclamaciones y para cumplir con obligaciones legales siempre que lo permitiese la legislaci\u00f3n aplicable. Transcurridos los plazos de prescripci\u00f3n legal, los datos ser\u00e1n destruidos o anonimizados para su conservaci\u00f3n a efectos estad\u00edsticos o de estudios.<\/p>\n\n\n\n<p><strong>\u00bfA qui\u00e9n se comunicar\u00e1n tus datos personales?<\/strong><br>En ning\u00fan caso se ceder\u00e1n los datos facilitados a otra empresa o entidad salvo que se indique expresamente en las condiciones particulares o bajo los supuestos legalmente previstos en la normativa de aplicaci\u00f3n.<br>Asimismo, le informamos que los datos personales no ser\u00e1n segmentados ni utilizados con otros fines que no sean la mera informaci\u00f3n de los servicios y de las actividades que JIMENATULUZ le ofrece y que pretendemos sean de su utilidad.<\/p>\n\n\n\n<p><strong>\u00bfQu\u00e9 derechos tienes cuando nos facilitas tus datos?<\/strong><br>Se pueden ejercitar los derechos de acceso, rectificaci\u00f3n, supresi\u00f3n, oposici\u00f3n, limitaci\u00f3n y portabilidad, as\u00ed como todos los legalmente previstos en cualquier momento, as\u00ed como en el caso de que sus datos ya no sean necesarios para los fines para los que fueran recogidos.<br>Se debe acompa\u00f1ar a la solicitud una copia de tu DNI o documento equivalente acreditativo de identidad.<br>Puedes ejercer los derechos que te otorga el Reglamento a trav\u00e9s de la direcci\u00f3n de correo:<br>contacto@jimenatuluz.com<\/p>\n\n\n\n<p>Adem\u00e1s de los anteriores derechos, se tiene derecho a retirar el consentimiento otorgado en cualquier momento mediante la correspondiente solicitud. Asimismo, puede presentar una reclamaci\u00f3n ante la Agencia Espa\u00f1ola de Protecci\u00f3n de Datos: <a href=\"https:\/\/sedeagpd.gob.es\/sede-electronica-web\/\" target=\"_blank\" rel=\"noreferrer noopener\">https:\/\/sedeagpd.gob.es\/sede-electronica-web\/<\/a><\/p>\n","protected":false},"excerpt":{"rendered":"<p>POL\u00cdTICA DE PROTECCI\u00d3N DE DATOS PERSONALES El 25 de mayo de 2018 ser\u00e1 de aplicaci\u00f3n directa el Reglamento General de Protecci\u00f3n de Datos (RGPD o el Reglamento), que sustituir\u00e1 a la actual normativa vigente de protecci\u00f3n de datos, y desde JIMENATULUZ queremos facilitarte toda la informaci\u00f3n al respecto de la manera m\u00e1s clara posible.Si tiene &hellip;<\/p>\n<p class=\"read-more\"> <a class=\"\" href=\"https:\/\/jimenatuluz.com\/index.php\/lopd\/\"> <span class=\"screen-reader-text\">Pol\u00edtica de Privacidad<\/span> Leer m\u00e1s &raquo;<\/a><\/p>\n","protected":false},"author":1,"featured_media":0,"parent":0,"menu_order":0,"comment_status":"closed","ping_status":"closed","template":"","meta":{"footnotes":""},"class_list":["post-1073","page","type-page","status-publish","hentry"],"yoast_head":"<!-- This site is optimized with the Yoast SEO plugin v27.5 - https:\/\/yoast.com\/product\/yoast-seo-wordpress\/ -->\n<title>Pol\u00edtica de Privacidad &#187; jimenatuluz.com<\/title>\n<meta name=\"robots\" content=\"index, follow, max-snippet:-1, max-image-preview:large, max-video-preview:-1\" \/>\n<link rel=\"canonical\" href=\"https:\/\/jimenatuluz.com\/index.php\/lopd\/\" \/>\n<meta property=\"og:locale\" content=\"es_ES\" \/>\n<meta property=\"og:type\" content=\"article\" \/>\n<meta property=\"og:title\" content=\"Pol\u00edtica de Privacidad &#187; jimenatuluz.com\" \/>\n<meta property=\"og:description\" content=\"POL\u00cdTICA DE PROTECCI\u00d3N DE DATOS PERSONALES El 25 de mayo de 2018 ser\u00e1 de aplicaci\u00f3n directa el Reglamento General de Protecci\u00f3n de Datos (RGPD o el Reglamento), que sustituir\u00e1 a la actual normativa vigente de protecci\u00f3n de datos, y desde JIMENATULUZ queremos facilitarte toda la informaci\u00f3n al respecto de la manera m\u00e1s clara posible.Si tiene &hellip; Pol\u00edtica de Privacidad Leer m\u00e1s &raquo;\" \/>\n<meta property=\"og:url\" content=\"https:\/\/jimenatuluz.com\/index.php\/lopd\/\" \/>\n<meta property=\"og:site_name\" content=\"jimenatuluz.com\" \/>\n<meta property=\"article:publisher\" content=\"https:\/\/www.facebook.com\/jimenatuluz\" \/>\n<meta property=\"og:image\" content=\"https:\/\/jimenatuluz.com\/wp-content\/uploads\/2021\/08\/JimenaTuLuzLogo-200x200-1.jpg\" \/>\n\t<meta property=\"og:image:width\" content=\"200\" \/>\n\t<meta property=\"og:image:height\" content=\"133\" \/>\n\t<meta property=\"og:image:type\" content=\"image\/jpeg\" \/>\n<meta name=\"twitter:card\" content=\"summary_large_image\" \/>\n<meta name=\"twitter:label1\" content=\"Tiempo de lectura\" \/>\n\t<meta name=\"twitter:data1\" content=\"3 minutos\" \/>\n<script type=\"application\/ld+json\" class=\"yoast-schema-graph\">{\"@context\":\"https:\\\/\\\/schema.org\",\"@graph\":[{\"@type\":\"WebPage\",\"@id\":\"https:\\\/\\\/jimenatuluz.com\\\/index.php\\\/lopd\\\/\",\"url\":\"https:\\\/\\\/jimenatuluz.com\\\/index.php\\\/lopd\\\/\",\"name\":\"Pol\u00edtica de Privacidad &#187; jimenatuluz.com\",\"isPartOf\":{\"@id\":\"https:\\\/\\\/jimenatuluz.com\\\/#website\"},\"datePublished\":\"2021-07-05T07:47:15+00:00\",\"breadcrumb\":{\"@id\":\"https:\\\/\\\/jimenatuluz.com\\\/index.php\\\/lopd\\\/#breadcrumb\"},\"inLanguage\":\"es\",\"potentialAction\":[{\"@type\":\"ReadAction\",\"target\":[\"https:\\\/\\\/jimenatuluz.com\\\/index.php\\\/lopd\\\/\"]}]},{\"@type\":\"BreadcrumbList\",\"@id\":\"https:\\\/\\\/jimenatuluz.com\\\/index.php\\\/lopd\\\/#breadcrumb\",\"itemListElement\":[{\"@type\":\"ListItem\",\"position\":1,\"name\":\"Portada\",\"item\":\"http:\\\/\\\/jimenatuluz.com\\\/\"},{\"@type\":\"ListItem\",\"position\":2,\"name\":\"Pol\u00edtica de Privacidad\"}]},{\"@type\":\"WebSite\",\"@id\":\"https:\\\/\\\/jimenatuluz.com\\\/#website\",\"url\":\"https:\\\/\\\/jimenatuluz.com\\\/\",\"name\":\"jimenatuluz.com\",\"description\":\"Jimena Tu Luz\",\"publisher\":{\"@id\":\"https:\\\/\\\/jimenatuluz.com\\\/#organization\"},\"potentialAction\":[{\"@type\":\"SearchAction\",\"target\":{\"@type\":\"EntryPoint\",\"urlTemplate\":\"https:\\\/\\\/jimenatuluz.com\\\/?s={search_term_string}\"},\"query-input\":{\"@type\":\"PropertyValueSpecification\",\"valueRequired\":true,\"valueName\":\"search_term_string\"}}],\"inLanguage\":\"es\"},{\"@type\":\"Organization\",\"@id\":\"https:\\\/\\\/jimenatuluz.com\\\/#organization\",\"name\":\"jimenatuluz\",\"url\":\"https:\\\/\\\/jimenatuluz.com\\\/\",\"logo\":{\"@type\":\"ImageObject\",\"inLanguage\":\"es\",\"@id\":\"https:\\\/\\\/jimenatuluz.com\\\/#\\\/schema\\\/logo\\\/image\\\/\",\"url\":\"https:\\\/\\\/jimenatuluz.com\\\/wp-content\\\/uploads\\\/2020\\\/02\\\/JimenaTuLuzLogo-350-100.jpg\",\"contentUrl\":\"https:\\\/\\\/jimenatuluz.com\\\/wp-content\\\/uploads\\\/2020\\\/02\\\/JimenaTuLuzLogo-350-100.jpg\",\"width\":150,\"height\":100,\"caption\":\"jimenatuluz\"},\"image\":{\"@id\":\"https:\\\/\\\/jimenatuluz.com\\\/#\\\/schema\\\/logo\\\/image\\\/\"},\"sameAs\":[\"https:\\\/\\\/www.facebook.com\\\/jimenatuluz\",\"https:\\\/\\\/www.instagram.com\\\/jimenatuluz\\\/\"]}]}<\/script>\n<!-- \/ Yoast SEO plugin. -->","yoast_head_json":{"title":"Pol\u00edtica de Privacidad &#187; jimenatuluz.com","robots":{"index":"index","follow":"follow","max-snippet":"max-snippet:-1","max-image-preview":"max-image-preview:large","max-video-preview":"max-video-preview:-1"},"canonical":"https:\/\/jimenatuluz.com\/index.php\/lopd\/","og_locale":"es_ES","og_type":"article","og_title":"Pol\u00edtica de Privacidad &#187; jimenatuluz.com","og_description":"POL\u00cdTICA DE PROTECCI\u00d3N DE DATOS PERSONALES El 25 de mayo de 2018 ser\u00e1 de aplicaci\u00f3n directa el Reglamento General de Protecci\u00f3n de Datos (RGPD o el Reglamento), que sustituir\u00e1 a la actual normativa vigente de protecci\u00f3n de datos, y desde JIMENATULUZ queremos facilitarte toda la informaci\u00f3n al respecto de la manera m\u00e1s clara posible.Si tiene &hellip; Pol\u00edtica de Privacidad Leer m\u00e1s &raquo;","og_url":"https:\/\/jimenatuluz.com\/index.php\/lopd\/","og_site_name":"jimenatuluz.com","article_publisher":"https:\/\/www.facebook.com\/jimenatuluz","og_image":[{"width":200,"height":133,"url":"https:\/\/jimenatuluz.com\/wp-content\/uploads\/2021\/08\/JimenaTuLuzLogo-200x200-1.jpg","type":"image\/jpeg"}],"twitter_card":"summary_large_image","twitter_misc":{"Tiempo de lectura":"3 minutos"},"schema":{"@context":"https:\/\/schema.org","@graph":[{"@type":"WebPage","@id":"https:\/\/jimenatuluz.com\/index.php\/lopd\/","url":"https:\/\/jimenatuluz.com\/index.php\/lopd\/","name":"Pol\u00edtica de Privacidad &#187; jimenatuluz.com","isPartOf":{"@id":"https:\/\/jimenatuluz.com\/#website"},"datePublished":"2021-07-05T07:47:15+00:00","breadcrumb":{"@id":"https:\/\/jimenatuluz.com\/index.php\/lopd\/#breadcrumb"},"inLanguage":"es","potentialAction":[{"@type":"ReadAction","target":["https:\/\/jimenatuluz.com\/index.php\/lopd\/"]}]},{"@type":"BreadcrumbList","@id":"https:\/\/jimenatuluz.com\/index.php\/lopd\/#breadcrumb","itemListElement":[{"@type":"ListItem","position":1,"name":"Portada","item":"http:\/\/jimenatuluz.com\/"},{"@type":"ListItem","position":2,"name":"Pol\u00edtica de Privacidad"}]},{"@type":"WebSite","@id":"https:\/\/jimenatuluz.com\/#website","url":"https:\/\/jimenatuluz.com\/","name":"jimenatuluz.com","description":"Jimena Tu Luz","publisher":{"@id":"https:\/\/jimenatuluz.com\/#organization"},"potentialAction":[{"@type":"SearchAction","target":{"@type":"EntryPoint","urlTemplate":"https:\/\/jimenatuluz.com\/?s={search_term_string}"},"query-input":{"@type":"PropertyValueSpecification","valueRequired":true,"valueName":"search_term_string"}}],"inLanguage":"es"},{"@type":"Organization","@id":"https:\/\/jimenatuluz.com\/#organization","name":"jimenatuluz","url":"https:\/\/jimenatuluz.com\/","logo":{"@type":"ImageObject","inLanguage":"es","@id":"https:\/\/jimenatuluz.com\/#\/schema\/logo\/image\/","url":"https:\/\/jimenatuluz.com\/wp-content\/uploads\/2020\/02\/JimenaTuLuzLogo-350-100.jpg","contentUrl":"https:\/\/jimenatuluz.com\/wp-content\/uploads\/2020\/02\/JimenaTuLuzLogo-350-100.jpg","width":150,"height":100,"caption":"jimenatuluz"},"image":{"@id":"https:\/\/jimenatuluz.com\/#\/schema\/logo\/image\/"},"sameAs":["https:\/\/www.facebook.com\/jimenatuluz","https:\/\/www.instagram.com\/jimenatuluz\/"]}]}},"_links":{"self":[{"href":"https:\/\/jimenatuluz.com\/index.php\/wp-json\/wp\/v2\/pages\/1073","targetHints":{"allow":["GET"]}}],"collection":[{"href":"https:\/\/jimenatuluz.com\/index.php\/wp-json\/wp\/v2\/pages"}],"about":[{"href":"https:\/\/jimenatuluz.com\/index.php\/wp-json\/wp\/v2\/types\/page"}],"author":[{"embeddable":true,"href":"https:\/\/jimenatuluz.com\/index.php\/wp-json\/wp\/v2\/users\/1"}],"replies":[{"embeddable":true,"href":"https:\/\/jimenatuluz.com\/index.php\/wp-json\/wp\/v2\/comments?post=1073"}],"version-history":[{"count":1,"href":"https:\/\/jimenatuluz.com\/index.php\/wp-json\/wp\/v2\/pages\/1073\/revisions"}],"predecessor-version":[{"id":1074,"href":"https:\/\/jimenatuluz.com\/index.php\/wp-json\/wp\/v2\/pages\/1073\/revisions\/1074"}],"wp:attachment":[{"href":"https:\/\/jimenatuluz.com\/index.php\/wp-json\/wp\/v2\/media?parent=1073"}],"curies":[{"name":"wp","href":"https:\/\/api.w.org\/{rel}","templated":true}]}}